{"id":69,"date":"2021-07-14T16:09:07","date_gmt":"2021-07-14T14:09:07","guid":{"rendered":"http:\/\/e-kolarski.pl\/?page_id=69"},"modified":"2026-03-05T12:41:13","modified_gmt":"2026-03-05T11:41:13","slug":"cennik-uslug","status":"publish","type":"page","link":"https:\/\/e-kolarski.pl\/index.php\/cennik-uslug\/","title":{"rendered":"Cennik us\u0142ug"},"content":{"rendered":"<p><span style=\"color: #000000;\"><div class=\"nk-awb \"  style=\" padding-left: 10px; padding-right: 10px; margin-left: 50px; margin-right:50px;\"><\/span><\/p>\r\n\r\n<p><span style=\"color: #000000;\">\r\n\r\n<\/span><\/p>\r\n<p><span style=\"color: #000000;\">\u00a0<\/span><\/p>\r\n<p><span style=\"color: #000000;\">\u00a0<\/span><span style=\"color: #000000;\"><strong>Cennik:<\/strong><\/span><\/p>\r\n<p><span style=\"color: #000000;\"><strong>Przegl\u0105dy:<\/strong><\/span><\/p>\r\n<p><span style=\"color: #000000;\"><\/span><\/p>\r\n<p><span style=\"color: #000000;\"><strong>1. Sezonowy<\/strong><strong> &#8211; 249z\u0142.<\/strong><\/span><\/p>\r\n<p><span style=\"color: #000000;\">\r\n\r\n<\/span><\/p>\r\n<ul>\r\n<li><span style=\"color: #000000;\">Sprawdzenie ramy pod k\u0105tem uszkodze\u0144, po\u0142\u0105cze\u0144 spawanych i pow\u0142oki lakierniczej.<\/span><\/li>\r\n<li><span style=\"color: #000000;\">Sprawdzenie ogumienia, uzupe\u0142nienie ci\u015bnienia w ko\u0142ach.<\/span><\/li>\r\n<li><span style=\"color: #000000;\">Sprawdzenie luz\u00f3w w kole przednim i tylnym, likwidacja luz\u00f3w i skontrowanie sto\u017ck\u00f3w*.<\/span><\/li>\r\n<li><span style=\"color: #000000;\">Sprawdzenie luz\u00f3w w mechanizmie korbowym, likwidacja luz\u00f3w mechanizmu*.<\/span><\/li>\r\n<li><span style=\"color: #000000;\">Sprawdzenie luz\u00f3w w kierownicy i likwidacja luzu \u0142o\u017cyska kierownicy*.<\/span><\/li>\r\n<li><span style=\"color: #000000;\">Centrowanie k\u00f3\u0142*.<\/span><\/li>\r\n<li><span style=\"color: #000000;\">Sprawdzenie stanu i ustawienia przerzutki prz\u00f3d i ty\u0142, ustawienie i regulacja*.<\/span><\/li>\r\n<li><span style=\"color: #000000;\">Kontrola zu\u017cycia \u0142a\u0144cucha.<\/span><\/li>\r\n<li><span style=\"color: #000000;\">Sprawdzenie i ustawienie hamulca prz\u00f3d i ty\u0142*.<\/span><\/li>\r\n<li><span style=\"color: #000000;\">Sprawdzenie o\u015bwietlenia i instalacji elektrycznej*.<\/span><\/li>\r\n<li><span style=\"color: #000000;\">Sprawdzenie po\u0142\u0105cze\u0144 \u015brubowych, dokr\u0119cenie zalecanym zakresem Nm.<\/span><\/li>\r\n<li><span style=\"color: #000000;\">Przetarcie i przesmarowanie nap\u0119du.<\/span><\/li>\r\n<\/ul>\r\n<p><span style=\"color: #000000;\">\r\n\r\n<\/span><\/p>\r\n<p><span style=\"color: #000000;\">*Wykonanie w\/w czynno\u015bci mo\u017ce by\u0107 niemo\u017cliwe przy z\u0142ym stanie technicznym roweru i zu\u017cytych podzespo\u0142ach.<\/span><\/p>\r\n<p><span style=\"color: #000000;\"><strong>Dodatkowe pakiety:<\/strong><\/span><\/p>\r\n<p><span style=\"color: #000000;\">\r\n\r\n\r\n\r\n<\/span><\/p>\r\n<ul>\r\n<li><span style=\"color: #000000;\">Pakiet czysty nap\u0119d &#8211; 129 z\u0142. (pakiet zawiera: czyszczenie i smarowanie nap\u0119du; mechanizm korbowy, kaseta\/wolnobieg, \u0142a\u0144cuch, przerzutki).<\/span><\/li>\r\n<li><span style=\"color: #000000;\">Pakiet Bike SPA &#8211; 199 z\u0142. (pakiet zawiera: pakiet czysty nap\u0119d + mycie ca\u0142ego roweru).<\/span><\/li>\r\n<li><span style=\"color: #000000;\">Pakiet \u0141o\u017cyska &#8211; 159 z\u0142. (pakiet zawiera: czyszczenie i smarowanie \u0142o\u017cysk ster\u00f3w kierownicy, piast, suportu).<\/span><\/li>\r\n<\/ul>\r\n<p><span style=\"color: #000000;\"><strong>2. Premium &#8211; 499z\u0142.<\/strong><\/span><\/p>\r\n<p><span style=\"color: #000000;\">\r\n\r\n\r\n\r\n<\/span><\/p>\r\n<ul>\r\n<li><span style=\"color: #000000;\"><b>Przegl\u0105d Sezonowy + Pakiet Bike SPA + Pakiet \u0141o\u017cyska<\/b><\/span><\/li>\r\n<\/ul>\r\n<p>&nbsp;<\/p>\r\n<p><span style=\"color: #000000;\"><strong>POZOSTA\u0141E US\u0141UGI SERWISOWE<\/strong><\/span><\/p>\r\n<p>&nbsp;<\/p>\r\n<p><span style=\"color: #000000;\"><strong>3. Przegl\u0105dy gwarancyjne:<\/strong><\/span><\/p>\r\n<p><span style=\"color: #000000;\">\r\n\r\n\r\n\r\n<\/span><\/p>\r\n<ul>\r\n<li><span style=\"color: #000000;\">Z\u0142o\u017cenie\/przygotowanie do jazdy roweru zakupionego przez internet &#8211; od 200 z\u0142.<\/span><\/li>\r\n<li><span style=\"color: #000000;\">Przegl\u0105d gwarancyjny (zawiera czynno\u015bci jak przegl\u0105d sezonowy):<\/span>\r\n<ul>\r\n<li><span style=\"color: #000000;\">Rower Dzieci\u0119cy 12-24&#8243; &#8211; 100 z\u0142.<\/span><\/li>\r\n<li><span style=\"color: #000000;\">Rowery standardowe (miejskie, crossowe, MTB, szosowe) &#8211; 150 z\u0142.<\/span><\/li>\r\n<li><span style=\"color: #000000;\">Rowery wyczynowe + elektryczne &#8211; 200 z\u0142.<\/span><\/li>\r\n<\/ul>\r\n<\/li>\r\n<\/ul>\r\n<p><span style=\"color: #000000;\"><strong>4. Amortyzatory:<\/strong><\/span><\/p>\r\n<ul>\r\n<li><span style=\"color: #000000;\">Przegl\u0105d amortyzatora\/dampera \u2013 podstawowy:<\/span>\r\n<ul>\r\n<li><span style=\"color: #000000;\">elastomer\/spr\u0119\u017cyna &#8211; 120 z\u0142.*<\/span><\/li>\r\n<li><span style=\"color: #000000;\">powietrze\/olej &#8211; 200 z\u0142.*<\/span><\/li>\r\n<\/ul>\r\n<\/li>\r\n<li><span style=\"color: #000000;\">Przegl\u0105d amortyzatora\/dampera &#8211; pe\u0142ny &#8211; 300-500 z\u0142.** + koszt uszczelek.<\/span><\/li>\r\n<\/ul>\r\n<p><span style=\"color: #000000;\">\r\n\r\n<\/span><\/p>\r\n<p><span style=\"color: #000000;\">\r\n\r\n<\/span><\/p>\r\n<p><span style=\"color: #000000;\">* wymagany serwis amortyzatora Suntour\/RockShox co 50h pracy.<\/span><\/p>\r\n<p><span style=\"color: #000000;\">\r\n\r\n<\/span><\/p>\r\n<p><span style=\"color: #000000;\">** wycena indywidualna w serwisie. Wymagany serwis amortyzatora Suntour co 100h \/Fox 125h lub 1rok w zale\u017cno\u015bci co wcze\u015bniej nast\u0105pi\/RockShox co 200h pracy.<\/span><\/p>\r\n<p><span style=\"color: #000000;\">\r\n\r\n<\/span><\/p>\r\n<p><span style=\"color: #000000;\"><strong>Wybrane us\u0142ugi serwisowe:<\/strong><\/span><\/p>\r\n<p><span style=\"color: #000000;\">\r\n\r\n<\/span><\/p>\r\n<ul>\r\n<li style=\"list-style-type: none;\">\r\n<ul>\r\n<li><span style=\"color: #000000;\">Centrowanie ko\u0142a &#8211; od 40 z\u0142.<\/span><\/li>\r\n<li><span style=\"color: #000000;\">Wymiana 1 szprychy 80 z\u0142.<\/span><\/li>\r\n<li><span style=\"color: #000000;\">Wymiana do 4 szprych 130 z\u0142.<\/span><\/li>\r\n<li><span style=\"color: #000000;\">Czyszczenie i smarowanie \u0142o\u017cyska piasty p\/t &#8211; 100 z\u0142.<\/span><\/li>\r\n<li><span style=\"color: #000000;\">Czyszczenie i smarowanie \u0142o\u017cysk ster\u00f3w kierownicy &#8211; od 50 z\u0142.<\/span><\/li>\r\n<li><span style=\"color: #000000;\">Czyszczenie i smarowanie \u0142o\u017cysk suportu &#8211; 50 z\u0142.<\/span><\/li>\r\n<li><span style=\"color: #000000;\">Ekspertyza powypadkowa\/reklamacyjna &#8211; 200 z\u0142.<\/span><\/li>\r\n<li><span style=\"color: #000000;\">Konserwacja peda\u0142\u00f3w SPD &#8211; 50 z\u0142.<\/span><\/li>\r\n<li><span style=\"color: #000000;\">Monta\u017c baga\u017cnika tylnego &#8211; 40 z\u0142.<\/span><\/li>\r\n<li><span style=\"color: #000000;\">Monta\u017c b\u0142otnik\u00f3w pe\u0142nych z drutami &#8211; 70 z\u0142.<\/span><\/li>\r\n<li><span style=\"color: #000000;\">Monta\u017c opony Tubeless &#8211; od 60 z\u0142. + materia\u0142y<\/span><\/li>\r\n<li><span style=\"color: #000000;\">Odpowietrzenie hamulca hydraulicznego z regulacj\u0105:<\/span><\/li>\r\n<li><span style=\"color: #000000;\">&#8211; Shimano \/ Tektro &#8211; 50 z\u0142.<\/span><\/li>\r\n<li><span style=\"color: #000000;\">&#8211; Magura &#8211; 70 z\u0142.<\/span><\/li>\r\n<li><span style=\"color: #000000;\">&#8211; Sram \/ Avid &#8211; 90 z\u0142.<\/span><\/li>\r\n<li><span style=\"color: #000000;\">Regulacja przer<\/span><span style=\"color: #000000;\">zutki od 40 z\u0142.<\/span><\/li>\r\n<li><span style=\"color: #000000;\">Regulacja przerzutki w pia\u015bcie &#8211; 30 z\u0142.<\/span><\/li>\r\n<li><span style=\"color: #000000;\">Serwis piasty wielobiegowej &#8211; 150 z\u0142.<\/span><\/li>\r\n<li><span style=\"color: #000000;\">Wymiana d\u0119tki\/opony &#8211; 30-100 z\u0142.<\/span><\/li>\r\n<li><span style=\"color: #000000;\">Wymiana d\u0119tki\/opony w hulajnodze elektrycznej &#8211; 150 z\u0142.<\/span><\/li>\r\n<li><span style=\"color: #000000;\">Wymiana klock\u00f3w V-Brake + regulacja (para) &#8211; 30 z\u0142.<\/span><\/li>\r\n<li><span style=\"color: #000000;\">Wymiana kompletu linek i pancerzy (komponenty Shimano\/nierdzewne) od 180 z\u0142.<\/span><\/li>\r\n<li><span style=\"color: #000000;\">Wymiana manetki z regulacj\u0105 od 50 z\u0142.<\/span><\/li>\r\n<li><span style=\"color: #000000;\">Wymiana ok\u0142adzin Hamulec tarczowy + regulacja (para) &#8211; 30 z\u0142.<\/span><\/li>\r\n<li><span style=\"color: #000000;\">Wymiana owijki kierownicy &#8211; 50 z\u0142.<\/span><\/li>\r\n<li><span style=\"color: #000000;\">Wymiana \/ prostowanie haka przerzutki &#8211; 60 z\u0142. (w cenie regulacja przerzutki tylnej).<\/span><\/li>\r\n<li><span style=\"color: #000000;\">Wymiana przerzutki z regulacja &#8211; 60 z\u0142.<\/span><\/li>\r\n<li><span style=\"color: #000000;\">Wymiana ramy &#8211; od 400 z\u0142.<\/span><\/li>\r\n<li><span style=\"color: #000000;\">Zaplatanie ko\u0142a &#8211; 200 z\u0142. (w cenie us\u0142ugi centrowanie ko\u0142a po 1 miesi\u0105cu eksploatacji).<\/span><\/li>\r\n<li><em><strong><span style=\"color: #000000;\">Inne us\u0142ugi &#8211; 90 z\u0142.\/godz.<\/span><\/strong><\/em><\/li>\r\n<\/ul>\r\n<\/li>\r\n<\/ul>\r\n<p><span style=\"color: #000000;\"><strong>Przechowalnia rower\u00f3w:<\/strong><\/span><\/p>\r\n<p><span style=\"color: #000000;\"><\/span><\/p>\r\n<p><span style=\"color: #000000;\"><\/span><\/p>\r\n<ul>\r\n<li><span style=\"color: #000000;\">Op\u0142ata miesi\u0119czna &#8211; 40 z\u0142. <\/span><\/li>\r\n<li><span style=\"color: #000000;\">Op\u0142ata sezon zimowy 10 pa\u017adziernik &#8211; 10 kwiecie\u0144 &#8211; 129 z\u0142. <\/span><\/li>\r\n<li><span style=\"color: #000000;\">Pe\u0142ny regulamin dost\u0119pny w sklepie stacjonarnym e-Kolarski.<\/span><\/li>\r\n<li><span style=\"color: #000000;\">Liczba miejsc ograniczona, decyduje kolejno\u015b\u0107 przyj\u0119\u0107 rower\u00f3w do przechowania.<\/span><\/li>\r\n<\/ul>\r\n<p>&nbsp;<\/p>\r\n<p>&nbsp;<\/p>\r\n<p><span style=\"color: #000000;\"><div class=\"nk-awb-wrap\" data-awb-type=\"image\" data-awb-image-background-size=\"cover\" data-awb-image-background-position=\"50% 50%\"><div  class=\"nk-awb-inner\"><img width=\"2560\" height=\"1821\" src=\"https:\/\/e-kolarski.pl\/wp-content\/uploads\/2021\/07\/image_parts2014final-copy-scaled-e1626270433184.jpg\" class=\"jarallax-img\" alt=\"\" decoding=\"async\" style=\"object-position: 50% 50%;\" loading=\"lazy\" \/><\/div><\/div><\/div><\/span><\/p>\r\n<p><a style=\"color: black;\"><\/a><\/p>","protected":false},"excerpt":{"rendered":"","protected":false},"author":2,"featured_media":0,"parent":0,"menu_order":0,"comment_status":"closed","ping_status":"closed","template":"","meta":{"footnotes":""},"rttpg_featured_image_url":null,"rttpg_author":{"display_name":"Przemys\u0142aw P\u00f3\u0142torak","author_link":"https:\/\/e-kolarski.pl\/index.php\/author\/e-kolarski\/"},"rttpg_comment":0,"rttpg_category":null,"rttpg_excerpt":null,"_links":{"self":[{"href":"https:\/\/e-kolarski.pl\/index.php\/wp-json\/wp\/v2\/pages\/69"}],"collection":[{"href":"https:\/\/e-kolarski.pl\/index.php\/wp-json\/wp\/v2\/pages"}],"about":[{"href":"https:\/\/e-kolarski.pl\/index.php\/wp-json\/wp\/v2\/types\/page"}],"author":[{"embeddable":true,"href":"https:\/\/e-kolarski.pl\/index.php\/wp-json\/wp\/v2\/users\/2"}],"replies":[{"embeddable":true,"href":"https:\/\/e-kolarski.pl\/index.php\/wp-json\/wp\/v2\/comments?post=69"}],"version-history":[{"count":65,"href":"https:\/\/e-kolarski.pl\/index.php\/wp-json\/wp\/v2\/pages\/69\/revisions"}],"predecessor-version":[{"id":628,"href":"https:\/\/e-kolarski.pl\/index.php\/wp-json\/wp\/v2\/pages\/69\/revisions\/628"}],"wp:attachment":[{"href":"https:\/\/e-kolarski.pl\/index.php\/wp-json\/wp\/v2\/media?parent=69"}],"curies":[{"name":"wp","href":"https:\/\/api.w.org\/{rel}","templated":true}]}}